)?
-3
Let d(k) = k**3 - 6*k**2 + 4. Let q be d(6). Suppose 3*c - c = -q. Let t(m) = -m - 3. Give t(c).
-1
Let w(j) = 1. Let m(h) = -h + 2. Let l(z) = m(z) - 2*w(z). Suppose 2*i - v = -4, i + v = 3 + 1. Let o(c) = c**2 + c - 1. Let x be o(i). Give l(x).
1
Suppose -m - t = -6*t + 28, -4*m = -5*t + 37. Let r(h) = -2 - 2*h - h**2 - h - 2*h. Determine r(m).
4
Let s(c) be the first derivative of c**7/840 + c**6/72 + c**5/40 - c**4/8 - c**3 - 3. Let k(g) be the third derivative of s(g). What is k(-3)?
6
Let h(u) = -7*u. Let m(z) = 3*z. Let i(n) = -2*h(n) - 5*m(n). Let q = -5 - -11. Suppose -3*p = -q*p. Give i(p).
0
Let i(d) be the first derivative of d**2/2 - 2*d + 60. Determine i(0).
-2
Suppose a - 4 = 1. Suppose 2 = u - 1. Suppose 5*l + u*h + 28 = 6*h, a*l + 5*h + 20 = 0. Let i(t) = t + 3. Determine i(l).
-2
Let a = 9 - 4. Let h(y) be the third derivative of y**6/120 - y**5/15 - y**4/4 - 2*y**3/3 + 11*y**2. Give h(a).
-9
Let w = 5 + -9. Let z(p) = -p + 3. Give z(w).
7
Suppose 0 = -c - 4*d + 14, -2*c + c - d + 5 = 0. Let o(q) = 2*q**2. What is o(c)?
8
Suppose -7 = -2*l - 13. Let h(k) = -2*k + 1. Calculate h(l).
7
Let c(a) = a**2 + 5*a + 1. Let r be c(-5). Let x(k) = 5*k**2 + k - 1. Give x(r).
5
Let h(t) = t + 13. Let k = 20 + -26. Calculate h(k).
7
Let c(o) = -o**3 + 6*o**2 + 6*o + 10. Let z be c(7). Let y(f) = 6*f**2 - 14*f - 8. Let x(h) = 2*h**2 - 5*h - 3. Let q(p) = -11*x(p) + 4*y(p). Give q(z).
16
Let p(u) = u**2 + 5*u - 8. Let j = -10 - -3. Calculate p(j).
6
Let w = 7 - 5. Let f(m) = 9*m**2 - w*m**2 - 2 + 1. What is f(-1)?
6
Suppose 36 + 9 = 5*s. Let r(o) = o**3 - 9*o**2 - o + 12. Calculate r(s).
3
Let i be 2/(-9) - (-20)/9. Let d(h) = -2*h + 3 + i + h. Suppose 0*l = 2*l. Determine d(l).
5
Let i(g) = 2*g + 11. Let u(c) = 2*c + 12. Let j(v) = -5*i(v) + 4*u(v). Determine j(-5).
3
Let f(t) = -t**3 + t**2 + 1. Let c(w) = -7*w**3 + 9*w**2 + 7*w. Let m(v) = c(v) - 6*f(v). Suppose s + 7 = d, s - 4 = -2*d + 1. Determine m(d).
6
Let t(m) = 7*m + 1. Let j(h) = 3*h**2 - 2*h - 1. Let n be j(-1). Let a = n - 5. Give t(a).
-6
Let o(q) = -q + 1. Let v(i) = -2*i - 4. Let n(y) = o(y) - v(y). Let t be n(-9). Let u(k) = -k**2 + 4. What is u(t)?
-12
Let n(v) = v**3 - 5*v**2 - 5*v - 1. Suppose 10 = 3*p - 2*k, -p + 2*p - 4*k + 10 = 0. Calculate n(p).
5
Let g = 10 + -8. Suppose g*m + 2*m = -d - 4, 12 = -3*d - 4*m. Let t(n) be the second derivative of n**3/6 - n**2/2 - n. Give t(d).
-5
Suppose -3*r + 3 = -2*h, 2*r = h + 3*h + 2. Let v(f) = 5 + 0 + 6*f - f**2 - r. Give v(7).
-3
Let g = 3 + 2. Let q(a) = -1 - g*a - a + 0*a. What is q(-1)?
5
Let n be (-24)/(-28) + (-40)/(-35). Let k(b) be the second derivative of -7/20*b**5 + 1/3*b**3 + 0 - n*b + 1/12*b**4 + 1/2*b**2. What is k(-1)?
7
Let m(w) = -w**2 + 5*w + 3. Let r be m(6). Let l(h) = h**2 + 4. Give l(r).
13
Suppose -13 = 4*q + 4*k - 3*k, -2*k - 10 = 4*q. Let f(l) = 2*l**3 + 6*l**2 + 4*l - 2. Let a(v) = -v**3 + v + 1. Let x(p) = -a(p) - f(p). What is x(q)?
-11
Let g = 37 + -43. Let d(l) = l**3 + 7*l**2 + 4*l - 5. What is d(g)?
7
Let s = 8 - -37. Let l be (-9)/s - (-11)/5. Let a = 0 - l. Let c(b) = 2*b + 2. Determine c(a).
-2
Let t(q) = q + 1 + 2*q - 2*q. Give t(-6).
-5
Let m(z) = -21 + 4*z + 7*z - 9 + 4. Let d(o) = 4*o - 9. Let a(y) = 17*d(y) - 6*m(y). Suppose 7*j + 15 = 4*j. Determine a(j).
-7
Let n(q) be the second derivative of 0 + 5/6*q**3 + q**2 + q + 1/24*q**4. Let j(y) be the first derivative of n(y). Give j(-5).
0
Let u(a) = -a - 3. Let b be u(-4). Suppose 0 = -h - b + 4. Suppose 3*r = r - 8, 5*f + h*r = -17. Let c(t) = 4*t**2 - 1. Calculate c(f).
3
Let q = 15 - 16. Let n(r) = 4*r**3 - r**2 - r - 1. What is n(q)?
-5
Let j(k) be the third derivative of k**6/360 - k**5/120 - k**4/6 - k**3/6 - 4*k**2. Let l(f) be the first derivative of j(f). Give l(0).
-4
Let x(w) = -3*w**2 + 9*w + 2. Let l(q) = -5*q**2 + 17*q + 5. Let s(t) = 4*l(t) - 7*x(t). Give s(-4).
2
Let v(a) = 5*a - 7*a**2 - 4 + 7 + 6*a**2. What is v(5)?
3
Let f(o) = o - 6. Let u be f(9). Let t(y) = -2*y + 3*y**u - y**3 + 5*y - 3*y**2. What is t(2)?
10
Suppose -p - 7*p - 16 = 0. Let b(l) be the third derivative of -l**5/60 + l**4/12 + l**3/3 - l**2. Determine b(p).
-6
Let o = -5 - -5. Let h(d) = 4*d**3 + d**2 + 3 - 3*d**3 + 4. Determine h(o).
7
Let w(r) = -r**2 - 4*r - 1. Let f be w(-3). Let i(u) = -2*u**2 - 2*u + u**2 + 2*u**f - 5 + 2. What is i(-3)?
12
Let s be (-1 - (1 + -2))*1. Suppose 3 = -s*c + 3*c. Let w(a) = -c + 3*a - 4*a + 2 - 2*a. Calculate w(-2).
7
Let q(z) = z - 4. Let h be q(6). Let g(d) be the first derivative of d**2 - 2*d - 1. Determine g(h).
2
Let s be 1/(2*3/(-18)). Let k = 2 + s. Let a(n) = 7*n + 7. Let p(r) = -4*r - 3. Let b(v) = -2*a(v) - 5*p(v). What is b(k)?
-5
Let i = 0 + 3. Suppose 16 = 4*p - 0*p. Suppose 0 = p*u - i*u. Let o(b) = b**2 + 12. What is o(u)?
12
Let x(d) = -2*d**3 + 4*d**2 - 3*d - 2. Let p(s) = -s**3 + s**2 - 1. Let c(b) = -p(b) + x(b). Calculate c(3).
-10
Suppose k + 3*n = 5, n = -5*k - 3*n + 69. Let q(g) = -14*g + 17. Let d(x) = 5*x - 6. Let u(r) = k*d(r) + 6*q(r). Calculate u(5).
5
Let j be 0/((2 - 4)/1). Let p(m) = m**2 + m - 4. Give p(j).
-4
Let g(u) = -3*u**3 - 6*u**2 - 11*u + 4. Let a(x) = x**3 + 3*x**2 + 5*x - 2. Let c(d) = 5*a(d) + 2*g(d). Determine c(2).
8
Let x(n) = n - 9. Suppose -2*l = -0 - 6. Let o(f) = 2*f**2 - 3*f - 2. Let z be o(l). Calculate x(z).
-2
Suppose -3*g + 46 = -5*u, -4*u - g = 32 - 2. Let a be u/(-12)*(-30)/(-4). Let r(v) = 4*v**2 - 1 + 3*v + 5 - v**3 + 1. Calculate r(a).
-5
Let h(a) = 3*a - 1. Let l be h(1). Let y(u) = 3*u - l - 1 - 1 + 5 + u**2. Give y(-3).
1
Let v(n) be the third derivative of -n**5/60 + n**4/24 - n**3/6 - n**2. Suppose 0 = j + 3*u - 15, 4*j + 2 = -2*u + 12. Give v(j).
-1
Let c(y) be the third derivative of 0*y**3 + 0 + 1/60*y**5 + 5/24*y**4 - 4*y**2 + 0*y. Give c(-6).
6
Let m = -32 - -43. Let t = 7 - 4. Suppose j - m = -3*j + 3*v, -v = -t. Let d(u) = u**3 - 6*u**2 + 6*u - 1. Determine d(j).
4
Let a(u) be the second derivative of -u + 0 + 1/3*u**3 + 1/2*u**4 - 1/2*u**2. Calculate a(1).
7
Suppose -5*b = 9 - 19. Let w(d) = -3*d**2 + 3*d. Give w(b).
-6
Let i(x) = 5*x**3 + 11*x**2 + 2*x + 2. Let d(m) = 14*m**3 + 32*m**2 + 5*m + 6. Let s(r) = -6*d(r) + 17*i(r). Determine s(4).
-2
Let y(h) be the third derivative of -h**8/20160 + h**7/1260 + h**6/144 + h**5/10 + 2*h**2. Let o(l) be the third derivative of y(l). Give o(4).
5
Let j be 0/(0 + 3 - 2). Let m(y) = -6*y**2 + 3*y**2 - y**3 - y**2 + 3*y**2 - 3. Give m(j).
-3
Let o(x) = x**3 - 7*x**2 - x + 10. Let p(f) = f**3 + 6*f**2 - 8*f. Let h be p(-7). Calculate o(h).
3
Let x(t) = 2*t**3 + 4*t**2 + 4*t + 3. Let n(c) = -c + 10. Let b be n(7). Suppose 2*v = -b*v. Suppose v = 3*z - 0*w + 3*w - 3, -2*z + 5*w = 19. Give x(z).
-5
Let a(r) be the first derivative of 1/120*r**5 + 1/360*r**6 + 0*r**2 + 0*r + 1/6*r**4 - 2 - 1/3*r**3. Let t(x) be the third derivative of a(x). Determine t(0).
4
Let m be -2*(-66)/(-30) - (-2)/5. Let b(h) = -2*h**2 - 4*h + 2. Determine b(m).
-14
Let l(j) = -j**3 - 4*j**2 - 5*j - 2. Suppose 2*a = 3*d - 0*a - 1, -3*d - 2*a - 19 = 0. What is l(d)?
4
Let c(o) = -o**3 - 4*o**3 - 5 + 3 + 4*o**3. Let j be 2*(-2 - (1 - 2)). Determine c(j).
6
Let n(l) = 4*l + 4. Let t(k) = 2*k + 2. Let r(q) = -2*n(q) + 5*t(q). Let u(o) = -o + 4. Let s be u(6). Determine r(s).
-2
Suppose -2*z - 5 - 7 = -2*b, 3 = -4*b - 5*z. Let y(i) = i - 6. Give y(b).
-3
Let p = -6/71 + 215/1704. Let o(z) be the third derivative of p*z**4 + 0*z + 1/6*z**3 - 3*z**2 + 0. Calculate o(4).
5
Let d(t) = 5*t - 7. Let x(v) = -3*v + 5. Let i(h) = 5*d(h) + 8*x(h). Let k = 33 + -33. Calculate i(k).
5
Let i(v) = -v**2 + 4. Suppose s - 4 - 1 = 2*d, -4*s = 3*d - 9. What is i(s)?
-5
Let i(r) = 2*r - 2. Let x be i(2). Let y(j) = 10*j**3 - 4*j - 3. Let s(v) = 7*v**3 - 3*v - 2. Let z(f) = -7*s(f) + 5*y(f). What is z(x)?
9
Suppose 0*z = 2*z - 4*t + 4, -z + t = 1. Let s(b) = -2*b**2 - 2*b + 4 + b**2 + 9*b + z*b**2. Give s(6).
10
Let d(c) = c**3 - c**2 - 2*c - 1. Let v be d(-1). Suppose r = -5*o + 17, -3*r - 4*o - 3 = -7*o. Let l(a) = -2*a**2 + 3*a**2 + 0*a**2 + 0*a**r. Give l(v).
1
Suppose 5*q - 8 = 3*q. Let r(s) = -s**2 + 5*s + 1. Let c be r(q). Let u(p) = -p**3 + 5*p**2 + p - 3. Give u(c).
2
Suppose -2*d - 2*v = -4*v + 2, 0 = -d - v + 7. Let t(z) = -6 + 3*z**3 + 6*z